
Calculate the greatest common divisor of 10 and 190.
10
Calculate the greatest common divisor of 135 and 75.
15
Calculate the highest common factor of 144 and 27.
9
Calculate the greatest common factor of 458 and 3435.
229
What is the highest common divisor of 1344 and 240?
48
Calculate the highest common divisor of 74 and 1998.
74
What is the highest common divisor of 1932 and 84?
84
What is the greatest common factor of 2925 and 1125?
225
What is the greatest common factor of 8 and 1548?
4
What is the highest common divisor of 675 and 7560?
135
What is the greatest common divisor of 15 and 225?
15
What is the greatest common factor of 572 and 396?
44
What is the greatest common factor of 204 and 8?
4
Calculate the greatest common factor of 8560 and 32.
16
Calculate the greatest common divisor of 20 and 4220.
20
Calculate the highest common divisor of 387 and 43.
43
What is the highest common divisor of 34 and 782?
34
Calculate the highest common factor of 3476 and 2844.
316
Calculate the greatest common divisor of 2059 and 29.
29
What is the greatest common factor of 15 and 10?
5
What is the greatest common factor of 627 and 5073?
57
What is the highest common factor of 4697 and 22?
11
What is the highest common divisor of 4 and 302?
2
What is the greatest common divisor of 726 and 198?
66
Calculate the greatest common factor of 20 and 1010.
10
Calculate the greatest common divisor of 72 and 189.
9
What is the greatest common factor of 304 and 16?
16
What is the greatest common divisor of 88 and 80?
8
Calculate the greatest common factor of 15 and 57.
3
Calculate the greatest common factor of 176 and 368.
16
Calculate the greatest common factor of 9 and 45.
9
Calculate the highest common divisor of 70 and 770.
70
What is the greatest common factor of 1 and 8?
1
Calculate the greatest common divisor of 3630 and 120.
30
What is the greatest common factor of 27 and 2943?
27
What is the highest common divisor of 3175 and 25?
25
What is the greatest common factor of 2 and 36?
2
What is the highest common factor of 70 and 1340?
10
Calculate the highest common divisor of 49 and 574.
7
What is the greatest common factor of 43 and 989?
43
What is the greatest common factor of 519 and 32524?
173
Calculate the highest common divisor of 172 and 12.
4
What is the greatest common divisor of 85 and 35?
5
Calculate the greatest common factor of 42 and 609.
21
What is the highest common divisor of 13244 and 43?
43
Calculate the highest common factor of 19 and 475.
19
What is the highest common divisor of 3490 and 20?
10
Calculate the greatest common divisor of 9864 and 144.
72
Calculate the greatest common divisor of 154 and 374.
22
What is the highest common factor of 1268 and 8?
4
What is the highest common divisor of 10783 and 82?
41
Calculate the greatest common divisor of 47 and 2303.
47
Calculate the greatest common divisor of 6336 and 99.
99
Calculate the greatest common divisor of 200 and 1100.
100
Calculate the greatest common factor of 99 and 11.
11
What is the greatest common divisor of 33 and 1243?
11
Calculate the greatest common factor of 347 and 7981.
347
Calculate the highest common divisor of 1972 and 1292.
68
Calculate the highest common divisor of 18 and 1620.
18
What is the highest common factor of 6 and 3?
3
What is the highest common factor of 117 and 13?
13
Calculate the highest common divisor of 37 and 57424.
37
What is the highest common divisor of 1506 and 6?
6
What is the greatest common factor of 429 and 1144?
143
What is the greatest common factor of 235 and 282?
47
What is the greatest common divisor of 61 and 16409?
61
What is the greatest common factor of 24 and 1704?
24
What is the highest common divisor of 1264 and 816?
16
Calculate the greatest common divisor of 5 and 35.
5
What is the greatest common divisor of 4599 and 876?
219
Calculate the greatest common divisor of 238 and 294.
14
Calculate the greatest common factor of 168 and 4620.
84
Calculate the greatest common divisor of 320 and 1520.
80
What is the greatest common divisor of 8 and 2168?
8
Calculate the highest common divisor of 6 and 32.
2
Calculate the highest common divisor of 38 and 209.
19
Calculate the highest common factor of 26 and 416.
26
What is the greatest common factor of 22398 and 6?
6
What is the highest common factor of 8 and 18?
2
Calculate the highest common divisor of 16 and 1424.
16
What is the highest common factor of 272 and 476?
68
What is the greatest common factor of 592 and 13912?
296
What is the greatest common factor of 24 and 16512?
24
What is the greatest common factor of 116 and 332?
4
What is the highest common divisor of 41 and 7093?
41
What is the highest common factor of 120 and 5?
5
Calculate the highest common factor of 27 and 27.
27
Calculate the greatest common divisor of 3068 and 354.
118
Calculate the highest common factor of 2256 and 12.
12
Calculate the highest common divisor of 18 and 18.
18
Calculate the highest common divisor of 12 and 3228.
12
What is the greatest common divisor of 1070 and 2782?
214
What is the highest common factor of 84 and 189?
21
Calculate the greatest common factor of 128 and 32.
32
What is the highest common divisor of 4524 and 87?
87
Calculate the highest common factor of 60 and 138.
6
Calculate the highest common divisor of 26 and 65.
13
What is the greatest common divisor of 12 and 12?
12
Calculate the greatest common divisor of 211 and 18990.
211
What is the highest common factor of 1207 and 2627?
71
Calculate the greatest common factor of 385 and 165.
55
Calculate the greatest common factor of 13 and 325.
13
What is the highest common factor of 14 and 19530?
14
Calculate the greatest common divisor of 5 and 1300.
5
Calculate the greatest common factor of 2728 and 496.
248
What is the highest common divisor of 116 and 87?
29
Calculate the greatest common divisor of 3125 and 25.
25
What is the greatest common divisor of 11134 and 76?
38
Calculate the greatest common divisor of 2710 and 10.
10
Calculate the greatest common factor of 261 and 87.
87
What is the highest common divisor of 18 and 1314?
18
Calculate the greatest common factor of 32 and 612.
4
What is the highest common factor of 6000 and 192?
48
Calculate the highest common divisor of 60 and 9820.
20
What is the greatest common factor of 3415 and 5?
5
What is the greatest common divisor of 913 and 143?
11
What is the highest common factor of 12 and 384?
12
Calculate the highest common divisor of 4579 and 76.
19
Calculate the greatest common divisor of 110 and 50.
10
What is the greatest common factor of 292 and 1095?
73
What is the greatest common divisor of 143 and 247?
13
Calculate the greatest common divisor of 76 and 2812.
76
Calculate the highest common divisor of 378 and 4347.
189
Calculate the greatest common divisor of 17 and 697.
17
What is the highest common factor of 13 and 247?
13
Calculate the highest common factor of 27 and 576.
9
Calculate the greatest common factor of 10 and 104.
2
Calculate the greatest common factor of 10 and 905.
5
What is the greatest common factor of 148 and 14356?
148
What is the highest common factor of 1404 and 1547?
13
Calculate the greatest common divisor of 7 and 35.
7
What is the highest common factor of 3900 and 84?
12
What is the greatest common factor of 44 and 14?
2
What is the highest common factor of 108 and 2424?
12
Calculate the highest common factor of 69 and 276.
69
What is the highest common factor of 812 and 42?
14
What is the highest common divisor of 432 and 1584?
144
Calculate the greatest common divisor of 115 and 23.
23
What is the highest common factor of 84 and 1596?
84
Calculate the greatest common factor of 2544 and 159.
159
Calculate the greatest common divisor of 13298 and 218.
218
What is the greatest common factor of 8383 and 303?
101
What is the highest common divisor of 5 and 40?
5
What is the highest common divisor of 12 and 1524?
12
Calculate the highest common divisor of 790 and 5846.
158
Calculate the highest common factor of 5551 and 273.
91
Calculate the greatest common factor of 275 and 165.
55
Calculate the greatest common factor of 300 and 525.
75
Calculate the highest common divisor of 63 and 4893.
21
What is the greatest common divisor of 30 a